b18
202441024 (base 5) to base 2
11001010000011110111
323312011 (base 4) to base 15
4c96a
32435666 (base 7) to base 15
39e645
-a9 (base 15) to base 13
-c3
Convert 2909b (base 12) to base 8.
157467
Convert 1a6641 (base 12) to base 3.
212202020211
What is 100545115 (base 6) in base 14?
32c807
What is 47199 (base 14) in base 6?
3413511
13111332 (base 6) to base 14
b265a
Convert -203312000 (base 4) to base 11.
-a033a
Convert 56873 (base 15) to base 16.
43353
Convert 2e8e3b (base 16) to base 3.
12202000021111
What is -a0cb7 (base 16) in base 6?
-22041051
-ea438 (base 15) to base 14
-154d1b
Convert 43b7f (base 16) to base 13.
99337
What is 64c97 (base 14) in base 7?
2034150
Convert 1102202122 (base 3) to base 8.
67143
-124542522 (base 6) to base 13
-686819
Convert -211321303030 (base 4) to base 14.
-146903a
What is -12230152 (base 6) in base 4?
-1133320310
What is 12434 (base 6) in base 15?
864
What is -8a9a46 (base 11) in base 5?
-332314212
Convert -9248784 (base 11) to base 7.
-255566463
-1452216 (base 7) to base 6
-4123103
What is -336665 (base 7) in base 5?
-3410043
-aaa0 (base 16) to base 6
-534120
-111552210 (base 6) to base 12
-82b666
Convert -35268 (base 10) to base 12.
-184b0
What is -11320345 (base 9) in base 6?
-313553535
7ec05 (base 15) to base 4
1202231222
What is -666075 (base 13) in base 6?
-123412310
What is -108825 (base 9) in base 11?
-45283
3013f2 (base 16) to base 7
35532051
Convert -3527 (base 10) to base 5.
-103102
What is 9615 (base 13) in base 8?
50505
-6240054 (base 7) to base 16
-b6e5f
21032312333 (base 4) to base 3
11112221211112
Convert -15343224 (base 8) to base 14.
-67a4ba
What is -1111200 (base 4) in base 12?
-3200
-c18755 (base 16) to base 8
-60303525
Convert 1011020012001 (base 3) to base 10.
614683
Convert 11323323333 (base 4) to base 15.
20b183
Convert -2120444 (base 6) to base 5.
-11310402
Convert 100000010001010001 (base 2) to base 8.
402121
What is 341041 (base 5) in base 11?
9039
What is 30547 (base 10) in base 16?
7753
What is 14381a (base 12) in base 5?
41310014
What is -11101100011000111001111 (base 2) in base 14?
-1058c59
What is 187573b (base 14) in base 5?
11100204220
Convert -141210442 (base 5) to base 13.
-1c5449
1d65c (base 14) to base 13
283ab
What is 60210230 (base 7) in base 5?
2233234032
Convert bc89 (base 16) to base 6.
1011241
Convert -12020021100 (base 3) to base 12.
-4b723
What is 88656 (base 15) in base 10?
433431
What is 9191a2 (base 11) in base 3?
2210000010020
17345524 (base 9) to base 12
2b00987
-269a8d (base 16) to base 13
-6a7703
20021201011100 (base 3) to base 15
45eb30
What is 8ab65 (base 13) in base 10?
252400
What is -23a594 (base 11) in base 9?
-638280
Convert -336066 (base 7) to base 9.
-100836
Convert c5c709 (base 13) to base 12.
1671019
What is -101b48 (base 13) in base 6?
-12014001
-10000011010010000100 (base 2) to base 3
-1000022122000
What is -5413053 (base 6) in base 16?
-41079
Convert -33414315 (base 6) to base 9.
-1813712
Convert 10ae4a (base 15) to base 5.
200440340
What is 64111 (base 16) in base 5?
101103443
Convert 1534640 (base 9) to base 2.
11001111011110001111
What is 2101430024 (base 5) in base 16?
4205e9
Convert -305c1 (base 14) to base 16.
-1c6ad
What is -348969 (base 10) in base 11?
-219205
What is 2224314440 (base 5) in base 16?
4b0686
-12a300a (base 12) to base 11
-20a5014
110100010100100111110 (base 2) to base 5
414330434
295373 (base 14) to base 3
2200221112211
What is -400873 (base 10) in base 11?
-254200
Convert 250209 (base 11) to base 7.
3235142
-4665a (base 16) to base 3
-112122112111
-234213 (base 7) to base 10
-42297
Convert -28409 (base 13) to base 16.
-12677
What is 116632 (base 11) in base 4?
231001313
2c99b (base 13) to base 2
10100110010001111
-154295 (base 10) to base 13
-552cb
551560 (base 8) to base 10
185200
-aa893 (base 12) to base 5
-24212103
What is -260772 (base 10) in base 3?
-111020201020
What is -33455 (base 13) in base 4?
-112231130
What is 1a6658 (base 12) in base 16?
72224
What is -47050 (base 9) in base 15?
-947c
-14105 (base 14) to base 4
-30012321
-101010000101101100 (base 2) to base 12
-83924
Convert 312879 (base 11) to base 3.
221110221110
73936 (base 11) to base 4
122101120
Convert -20a453 (base 11) to base 2.
-1010010000001010010
Convert -213122333110 (base 4) to base 12.
-3564504
What is -1152428 (base 10) in base 2?
-100011001010110101100
Convert -44dc9 (base 16) to base 14.
-74b0d
What is 1321736 (base 10) in base 7?
14143313
5cc4 (base 16) to base 5
1224443
194303 (base 14) to base 16
da89f
What is -2400052 (base 7) in base 2?
-1001001110111100011
What is 91a92 (base 11) in base 6?
2514135
What is -11010100101111001111 (base 2) in base 9?
-1567264
Convert -718e6d (base 16) to base 6.
-423301501
What is -41010341 (base 6) in base 10?
-1167829
10000001313 (base 4) to base 9
1867476
15442530 (base 7) to base 5
340131242
What is -278a92 (base 16) in base 2?
-1001111000101010010010
272b4 (base 12) to base 2
1101001011101000
1254345 (base 6) to base 16
11039
1011110010011011010 (base 2) to base 9
647764
Convert -7d386 (base 14) to base 11.
-199407
-100100111111101 (base 2) to base 12
-ab65
-21000212 (base 3) to base 5
-131001
Convert 78f51 (base 16) to base 13.
14467b
What is -14d1e (base 15) in base 5?
-4121304
-260a12 (base 11) to base 12
-179b43
5853060 (base 10) to base 5
2444244220
Convert 2211001011 (base 3) to base 15.
1165a
Convert -9868 (base 13) to base 3.
-1002002121
1052344 (base 8) to base 11
18430a
-3303848 (base 10) to base 2
-1100100110100110101000
What is 10cb27a (base 13) in base 2?
10011110100000110100011
-22897 (base 11) to base 9
-50256
Convert -242772 (base 8) to base 6.
-1442202
What is 14814 (base 11) in base 15?
6318
5256863 (base 10) to base 14
9abaa3
Convert -62765474 (base 8) to base 10.
-13364028
-17c305 (base 14) to base 7
-10066505
What is -311003111100 (base 4) in base 2?
-110101000011010101010000
-100202111210 (base 3) to base 13
-6958b
Convert -2f8871 (base 16) to base 5.
-1244140441
Convert -10111100101000000100000 (base 2) to base 13.
-1385447
What is 12755710 (base 8) in base 11?
1693571
Convert 390660a (base 11) to base 7.
111365650
What is 200122021210 (base 3) in base 5?
43220042
What is 37813 (base 9) in base 8?
61546
-55364654 (base 8) to base 15
-10a75e1
What is -13043124034 (base 5) in base 13?
-340aa0a
Convert 2033435 (base 7) to base 8.
734050
What is -1160 (base 8) in base 2?
-1001110000
What is 6cdc28 (base 15) in base 11?
2a39694
75283a (base 13) to base 5
1200411101
12bb543 (base 12) to base 5
1423402043
Convert -8aa788 (base 11) to base 5.
-332332241
What is 35153 (base 12) in base 16?
1158f
What is -7452469 (base 10) in base 3?
-112000121212101
What is 24781b1 (base 12) in base 11?
4028311
Convert -5251b (base 13) to base 3.
-21112010000
-1571166 (base 8) to base 14
-bbcc6
What is -4c039 (base 14) in base 9?
-314021
Convert 4719c (base 13) to base 3.
20121012220
77236 (base 15) to base 11
239412
435625 (base 8) to base 14
3b47b
-36073377 (base 8) to base 7
-124050601
35686 (base 12) to base 6
1312250
What is 1087440 (base 9) in base 11?
372901
625131 (base 7) to base 4
122032212
Convert -b9347 (base 15) to base 4.
-2033203120
-12d6b75 (base 15) to base 16
-cf5f3f
Convert -120033002 (base 4) to base 15.
-1e62b
Convert 158201 (base 9) to base 7.
555163
What is 15435055 (base 8) in base 4?
31203220231
What is 11100001011100011011 (base 2) in base 6?
31443031
44105 (base 13) to base 3
20021000012
Convert -224bb7 (base 13) to base 11.
-503a43
Convert 90067 (base 11) to base 8.
401402
Convert -1000110001101111100110 (base 2) to base 7.
-25362112
What is -163844 (base 10) in base 12?
-7a998
-12148076 (base 9) to base 13
-12cb45a
300a26 (base 12) to base 3
1102000000110
-886c8 (base 15) to base 12
-18aa82
Convert -10000110002200 (base 3) to base 8.
-6073107
Convert 30f257 (base 16) to base 6.
152430435
What is -2001031314 (base 5) in base 7?
-45232054
66047a (base 16) to base 10
6685818
Convert 917b1 (base 12) to base 11.
11a407
Convert 554074 (base 11) to base 8.
3276231
What is 12363047 (base 8) in base 3?
12011111122211
Convert 4216b (base 15) to base 10.
209576
Convert 23244232 (base 5) to base 9.
353366
What is -120201020002 (base 3) in base 2?
-1001011100000001100
-111221122